2*h + 0*h + 267 = 0, s = -2*n + 3*h + 103. Is n prime?
True
Let f(d) = 3*d**2 + 3*d - 12. Let t be f(-3). Is (((-762)/(-4))/1)/(t/8) composite?
True
Suppose 3*y + 326 = 5*l, y - 204 = -2*l - l. Is l + 0/(3 - 6) a prime number?
True
Let l be ((-9)/(-3))/3*5. Suppose 3*d - 6*d + 28 = 4*p, -36 = -4*p - l*d. Suppose 4 = -2*c, 2*c = p*v + 7*c - 466. Is v composite?
True
Let j = 9 + -12. Let u be (-6 - -4)/((-1)/j). Is 82/4 - (-9)/u a composite number?
False
Suppose 0*f + 12369 = 5*d - f, -f = d - 2475. Let q = 1211 + -750. Suppose q = 5*w - d. Is w a prime number?
True
Suppose 9*v = 10*v - 5. Suppose -3*b - 3*t + 4395 = 0, -v*b + 10062 = -2*t + 2709. Is b a composite number?
True
Suppose -2*t = 4*s - 4, 3*t = -3*s + s + 6. Suppose 3*l = -r + 31, t*r - 6*r - 44 = -2*l. Let y(m) = -m**2 + 18*m - 14. Is y(l) composite?
True
Let o(x) = x + 1. Let d(l) = -42*l**2 + 4*l + 1. Let w(k) = -d(k) + 2*o(k). Is w(-4) prime?
False
Let q(g) = 6*g + 8. Suppose -5*v + 4 = h + 3, -5*h + 5*v = -5. Let w be (3 - h) + 5 + 4. Is q(w) a composite number?
True
Suppose 3 = -4*l + 5*l. Let a be (16/3 - 0)*l. Suppose -61 = -s + a. Is s prime?
False
Let q = 5859 - 1462. Is q prime?
True
Let t(m) = 9*m + 8. Let r be t(-19). Let b = r + 305. Is b a prime number?
False
Suppose 5*n + 1 = -3*c, -n + 2*n = 4*c - 14. Let m be 847 + 0/(-6 + c). Suppose -y = -m + 144. Is y a prime number?
False
Is ((-1)/3)/(8*(-13)/5292456) composite?
False
Suppose -k = 3*p + 5, -k = -0 - 1. Is -2*(-1)/p*-211 composite?
False
Let h(l) = l**2 - 10*l - 11. Suppose 5*i + 46 = 4*k, -2*i + 1 = -3. Let m be h(k). Suppose 5*b = -4*z + z + m, z - 4*b = 15. Is z a prime number?
False
Suppose -5*y + 1272 = -608. Suppose t = 454 + y. Suppose 0 = b + b - t. Is b a prime number?
False
Let j be 22/6 - 24/36. Suppose -x + 8 = j. Suppose -3*n + 0*n + 430 = t, 0 = x*n - 2*t - 735. Is n composite?
True
Let n(v) = -v**2 + 3*v + 5. Let w be n(5). Is (-24496)/(-80) + (-4)/w a composite number?
False
Is ((-8)/(-20) + 0)*1735 a prime number?
False
Suppose d + 2*z = -4*d + 7, 9 = 5*d + 4*z. Is d*(18 - (2 - 3)) a prime number?
True
Let h = -10661 - -20868. Is h composite?
True
Let z(s) = s**3 + 7*s**2 - 4*s + 11. Suppose -x - 14 - 3 = 2*o, 5*x = -o + 14. Let v be z(o). Let p = -218 - v. Is p a composite number?
False
Let p = -1454 + 268. Let y = -699 - p. Is y composite?
False
Let t be (-6)/(-4)*(-30)/(-15). Suppose -1055 = -t*z - d, -2*z = -d + 10 - 720. Is z a composite number?
False
Suppose -5*n = -5*z - 725, -5*z + 2*n = -z + 574. Let t = -70 - z. Suppose -t - 52 = -4*w. Is w composite?
False
Let n = 34 + -29. Let z(a) = 20*a**2 - 5*a - 6. Is z(n) a prime number?
False
Let v(g) = -g**3 - 9*g**2 - 10*g + 14. Let r be v(-10). Suppose -i + 9004 = 5*f, -i = -f + r + 1588. Is f a prime number?
True
Let s = -15 + 6. Let r(p) = 4*p + 6. Let m be r(s). Is 0 - m - (-3 + 2) composite?
False
Suppose -5*g + 303 = -4637. Suppose -6*k + g = -728. Suppose -113 - k = -f - 2*n, -3*n = 4*f - 1621. Is f composite?
False
Suppose -21 = -5*v + 9. Let y = v - 2. Is (127/y)/(-1)*-4 prime?
True
Suppose 1403*k + 14372 = 1407*k. Is k prime?
True
Let p(t) = -t**2 - t + 97. Let d be p(0). Suppose 3*x + w + 130 = -0*x, 2*x + 5*w + 104 = 0. Let a = d + x. Is a composite?
True
Suppose -4*f - 48558 = -7*f + 3*d, 3*d = -9. Is f composite?
False
Suppose 0 = 3*j, -3*s + 5*j + 15 + 0 = 0. Suppose -s*p + 805 = 3*h, -3*h - 406 = 4*p - 1209. Is h prime?
False
Suppose -4*a + 9162 - 3612 = 3*z, -1393 = -a + 2*z. Let l = a - 212. Is l a composite number?
True
Let z(w) = 504*w**2 + 13*w - 7. Is z(-6) a composite number?
False
Let o(t) = t**2 + 11*t + 5. Let w be o(-14). Suppose w*x - 52*x = -1585. Is x a composite number?
False
Let b = -15 + 29. Let t = -12 + b. Suppose t*x - x = -s + 228, 238 = x + 3*s. Is x prime?
True
Let k(n) = n**3 + 8*n**2 + 4. Let y(u) be the third derivative of -u**5/30 + u**4/12 - u**3/2 + 5*u**2. Let z be y(2). Is k(z) composite?
False
Suppose 152719 = -351*r + 358*r. Is r a prime number?
True
Suppose 4*u = -2*u - 5*u. Suppose -g - 4*g + 2*p = -3251, u = -2*p - 6. Is g prime?
False
Suppose -2287786 = -80*h + 896134. Is h a composite number?
False
Let o(s) = -5*s**3 - 3*s**2 + 7*s + 17. Is o(-14) a composite number?
True
Let u = 8749 + -656. Is u prime?
True
Suppose 5*w + 3*u = 2 + 7, -5*w = u - 13. Suppose w*h + 2*h + j - 1051 = 0, -852 = -4*h + 2*j. Is h prime?
True
Let s(r) = -15*r - 7. Let n(p) = 7*p + 3. Let a = 10 + -12. Let w(y) = a*s(y) - 5*n(y). Is w(-12) a prime number?
True
Let x(r) = -1461*r - 7. Let m(h) = 730*h + 4. Let c(p) = -7*m(p) - 3*x(p). Is c(-3) a prime number?
False
Suppose -4 + 0 = -d. Suppose -5*k - 3*j + 25 = -0*j, 0 = -4*k - d*j + 28. Suppose 5*p = -k*b + 627, -2*p = 4*b - 134 - 104. Is p a prime number?
True
Suppose -26 = 2*s - 4*s - 4*q, -2*s + 3*q - 2 = 0. Suppose 5*r - 40 - 389 = 4*f, s*r - 2*f - 427 = 0. Is r composite?
True
Let m(o) = 0*o + 0*o - 1 + 4*o**2 + 2. Let i(d) = -d - 7. Let n be i(-3). Is m(n) a prime number?
False
Let j = 3722 - 723. Is j composite?
False
Let l be (0 + 14/21)*(-86856)/2. Is l/(-32) + (-27)/(-12) + -2 a prime number?
False
Let s(n) = 207*n**2 + 2*n - 25. Is s(6) prime?
False
Let l = 34614 - 11071. Is l composite?
True
Suppose 4*z - 3 = -d, 0*z - 5*d + 15 = 2*z. Let q be (14 - 8) + -3 + z. Suppose -q*g = -4*g + 22. Is g prime?
False
Suppose 182*i - 185*i = -4*b - 27453, -2*b + 18302 = 2*i. Is i prime?
True
Suppose 7*u + 96 = 3*u. Is (2 - u/(-10)) + (-20216)/(-40) prime?
False
Suppose -3*z - 12 = 0, -f + 5 = -5*z - 19. Suppose -474 = -0*p - 3*p + 3*r, 3*p = f*r + 469. Is p a prime number?
True
Suppose 113048 + 9982 = 6*h. Suppose 80*p = 85*p - h. Is p prime?
False
Suppose 11*p + 23120 = 13*p. Suppose 3*x = -a + 2884, -4*a - 5*x = -x - p. Is a a composite number?
True
Let q be 40/15 + 4/(-6). Suppose 6*r - q*r = 1528. Is r a prime number?
False
Let x(i) = -2*i**3 + 11*i**2 - 32*i + 13. Is x(-10) a composite number?
False
Suppose 31 = -3*n + 79. Suppose -n*g = -18*g + 4. Let k(h) = 46*h**2 + h + 1. Is k(g) a prime number?
False
Suppose -4*d + 53049 = g, -2*d + 4291 = 3*g - 22226. Is d prime?
False
Let p = 35 - 24. Let r(g) = 13*g - 2 - 5 + 23*g**2 - 24*g**2. Is r(p) prime?
False
Suppose -730 = -5*c - 2*z + 45, 2*c - 2*z - 296 = 0. Let r = -74 + c. Is r prime?
True
Let c(p) = -p**3 + p**2 - 5*p + 7. Let q be (-4)/5*15/2. Let d be c(q). Suppose 194 + d = 3*o. Is o a prime number?
False
Let c = 22 + -26. Let m be 9772/20 + c/(-10). Let u = m - -74. Is u composite?
False
Is 2645290/100 + (-1)/(-10) a prime number?
False
Let x = -12149 + 19678. Is x prime?
True
Is 2/((-16676)/75123 + (-20)/(-90)) a prime number?
False
Let l = 776 - -2657. Is l prime?
True
Let y = -20 - -56. Suppose -2*b = -b - y. Let m = b - -1. Is m a composite number?
False
Let q = 35783 - 13366. Is q prime?
False
Suppose -4*j = -2*j - 22. Suppose -j + 31 = -3*n - 4*u, -u - 5 = -5*n. Suppose 0 = -4*z - n*z + 1228. Is z a composite number?
False
Let p(c) be the third derivative of -39*c**4/4 + c**3/6 + 16*c**2. Is p(-1) prime?
False
Suppose 15451 - 6013 = 2*v + 4*o, 4*o + 23665 = 5*v. Is v a prime number?
True
Suppose 0*s + z = 2*s + 2, -3*s - 4*z = 3. Is 125/(-10)*(s + -1) composite?
True
Suppose 0 = 3*b + 2*b + 1125. Let v be (-132 + 10)/(4/14). Let l = b - v. Is l a composite number?
True
Let l = 1330 - 933. Suppose -2*h - 3*a = -l, -4*h + a + 446 = -313. Suppose 820 + h = 3*d. Is d prime?
True
Let s be (-14 - -12)*(-1)/2. Let d be (11668/12)/(s/3). Is (-6)/33 - d/(-11) a composite number?
True
Let n = 37 - -250. Is n a prime number?
False
Suppose 0 = 2*x - o - 6904, x - 2526 - 915 = -5*o. Suppose 4*r + 173 = 2*g + x, -g = 2*r - 1645. Is r a prime number?
True
Suppose -n = 4*n - 15. Suppose -3*c + 4*c = 3*c. Suppose n*v - 1209 - 282 = c. Is v a prime number?
False
Is 3/9 + (-240180)/(-9) composite?
False
Let o = -37 - -93. Suppose -2*u - 2*u = o. Is (-270)/u - 12/42 a prime number?
True
Suppose h + 4 = 3*h. Let t(m) = -m**3 + 4*m**2 - 3*m. Let d be t(h). Is (1 - d)/(10/(-370)) a composite number?
False
Let n = 7 - 4. Suppose 9*z - 2622 = n*z. Is z a composite number?
True
Suppose 4*z - 3*f = 109, -4*f + f + 3 = 0. Suppose 0*c - 4*c + z = 0. Let i = 156 - c. Is i a composite number?
False
Let c = 357 + 565. Is c p